{"id":585,"date":"2022-01-11T11:07:36","date_gmt":"2022-01-11T11:07:36","guid":{"rendered":"https:\/\/prctrajectpa.nl\/content\/?page_id=585"},"modified":"2024-04-18T18:20:41","modified_gmt":"2024-04-18T18:20:41","slug":"aanmelding-en-kosten","status":"publish","type":"page","link":"https:\/\/prctrajectpa.nl\/content\/aanmelding-en-kosten\/","title":{"rendered":"Aanmelding en kosten"},"content":{"rendered":"<style>.wp-block-kadence-column.kb-section-dir-horizontal > .kt-inside-inner-col > .kt-info-box585_ca0216-f9 .kt-blocks-info-box-link-wrap{max-width:unset;}.kt-info-box585_ca0216-f9 .kt-blocks-info-box-link-wrap{border-left:3px solid #00a1e1;border-top-left-radius:0px;border-top-right-radius:0px;border-bottom-right-radius:0px;border-bottom-left-radius:0px;background:var(--global-palette8, #F7FAFC);padding-top:24px;padding-right:24px;padding-bottom:24px;padding-left:24px;margin-top:50px;}.kt-info-box585_ca0216-f9 .kt-blocks-info-box-link-wrap:hover{background:var(--global-palette8, #F7FAFC);}.kt-info-box585_ca0216-f9 .kadence-info-box-icon-container .kt-info-svg-icon, .kt-info-box585_ca0216-f9 .kt-info-svg-icon-flip, .kt-info-box585_ca0216-f9 .kt-blocks-info-box-number{font-size:50px;}.kt-info-box585_ca0216-f9 .kt-blocks-info-box-media{color:var(--global-palette9, #ffffff);background:#00a1e1;border-color:var(--global-palette9, #ffffff);border-radius:5px;overflow:hidden;border-top-width:3px;border-right-width:3px;border-bottom-width:3px;border-left-width:3px;padding-top:20px;padding-right:20px;padding-bottom:20px;padding-left:20px;}.kt-info-box585_ca0216-f9 .kt-blocks-info-box-media-container{margin-top:-75px;margin-right:0px;margin-bottom:20px;margin-left:0px;}.kt-info-box585_ca0216-f9 .kt-blocks-info-box-media .kadence-info-box-image-intrisic img{border-radius:5px;}.kt-info-box585_ca0216-f9 .kt-blocks-info-box-link-wrap:hover .kt-blocks-info-box-media{color:var(--global-palette9, #ffffff);background:rgba(0,161,225,0.7);border-color:var(--global-palette9, #ffffff);}.kt-info-box585_ca0216-f9 .kt-infobox-textcontent h2.kt-blocks-info-box-title{padding-top:0px;padding-right:0px;padding-bottom:0px;padding-left:0px;margin-top:5px;margin-right:0px;margin-bottom:10px;margin-left:0px;}.kt-info-box585_ca0216-f9 .kt-infobox-textcontent .kt-blocks-info-box-text{color:var(--global-palette4, #2D3748);}.kt-info-box585_ca0216-f9 .kt-blocks-info-box-learnmore{background:transparent;border-color:#555555;border-width:0px 0px 0px 0px;padding-top:4px;padding-right:8px;padding-bottom:4px;padding-left:8px;margin-top:10px;margin-right:0px;margin-bottom:10px;margin-left:0px;}.kt-info-box585_ca0216-f9 .kt-blocks-info-box-link-wrap:hover .kt-blocks-info-box-learnmore,.kt-info-box585_ca0216-f9 .kt-blocks-info-box-link-wrap .kt-blocks-info-box-learnmore:focus{color:#ffffff;background:#444444;border-color:#444444;}@media all and (max-width: 1024px){.kt-info-box585_ca0216-f9 .kt-blocks-info-box-link-wrap{border-left:3px solid #00a1e1;}}@media all and (max-width: 767px){.kt-info-box585_ca0216-f9 .kt-blocks-info-box-link-wrap{border-left:3px solid #00a1e1;}}<\/style>\n<div class=\"wp-block-kadence-infobox kt-info-box585_ca0216-f9\"><span class=\"kt-blocks-info-box-link-wrap info-box-link kt-blocks-info-box-media-align-top kt-info-halign-left\"><div class=\"kt-blocks-info-box-media-container\"><div class=\"kt-blocks-info-box-media kt-info-media-animate-none\"><div class=\"kadence-info-box-icon-container kt-info-icon-animate-none\"><div class=\"kadence-info-box-icon-inner-container\"><span class=\"kb-svg-icon-wrap kb-svg-icon-fe_userPlus kt-info-svg-icon\"><svg viewBox=\"0 0 24 24\"  fill=\"none\" stroke=\"currentColor\" stroke-width=\"2\" stroke-linecap=\"round\" stroke-linejoin=\"round\" xmlns=\"http:\/\/www.w3.org\/2000\/svg\"  aria-hidden=\"true\"><path d=\"M16 21v-2a4 4 0 0 0-4-4H5a4 4 0 0 0-4 4v2\"\/><circle cx=\"8.5\" cy=\"7\" r=\"4\"\/><line x1=\"20\" y1=\"8\" x2=\"20\" y2=\"14\"\/><line x1=\"23\" y1=\"11\" x2=\"17\" y2=\"11\"\/><\/svg><\/span><\/div><\/div><\/div><\/div><div class=\"kt-infobox-textcontent\"><p class=\"kt-blocks-info-box-text\">Om zich voor het PRC-traject PA te kunnen aanmelden, dient u aan de volgende voorwaarden te voldoen:<br\/>\u2022 u beschikt over een diploma van een NVAO-geaccrediteerde masteropleiding tot physician assistant in Nederland en<br\/>\u2022 u voldoet <strong>niet<\/strong> aan alle eisen voor herregistratie volgens de Wet BIG.<\/p><\/div><\/span><\/div>\n\n\n\n<div style=\"height:40px\" aria-hidden=\"true\" class=\"wp-block-spacer\"><\/div>\n\n\n\n<h3 class=\"wp-block-heading\">Aanmelden voor PRC-traject PA<\/h3>\n\n\n\n<p>U meldt zich aan door het <strong>Aanmeldformulier PRC-traject PA <\/strong>te downloaden (zie knop hieronder), volledig in te vullen en <strong>per mail<\/strong> te sturen aan het secretariaat van de MPA-opleiding van de HAN.<br>Tevens stuurt u een kopie van uw paspoort of ID-kaart en een gewaarmerkte kopie van uw MPA-diploma <strong>eveneens per mail<\/strong> naar het secretariaat van de MPA-opleiding van de HAN (<a href=\"mailto:master.pa@han.nl?subject=Aanmelding PRC-traject PA\" data-type=\"mailto\" data-id=\"mailto:master.pa@han.nl?subject=Aanmelding PRC-traject PA\">master.pa@han.nl<\/a>).<br><br><a href=\"https:\/\/duo.nl\" data-type=\"URL\" data-id=\"https:\/\/duo.nl\" target=\"_blank\" rel=\"noreferrer noopener\">Een gewaarmerkte kopie vraagt u aan via DUO<\/a>.<br>Als uw aanmelding geaccepteerd wordt, ontvangt u een factuur. Pas als u die betaald heeft, krijgt u toegang tot het online zelfstudiepakket en kunt u zich voor toetsen aanmelden (zie hieronder).<\/p>\n\n\n\n<div class=\"wp-block-buttons is-layout-flex wp-block-buttons-is-layout-flex\">\n<div class=\"wp-block-button\"><a class=\"wp-block-button__link wp-element-button\" href=\"https:\/\/prctrajectpa.nl\/content\/wp-content\/uploads\/2022\/04\/Aanmeldformulier-PRC-traject-PA.pdf\" target=\"_blank\" rel=\"noreferrer noopener\">Download &#8216;Aanmeldformulier PRC-traject PA&#8217;<\/a><\/div>\n<\/div>\n\n\n\n<p>De portefeuillehouder PRC-traject PA beslist of u daadwerkelijk toelaatbaar bent. Indien nodig, zal de portefeuillehouder u benaderen voor een telefonisch intakegesprek.<br>De aanmelding leidt tot een betalingsverplichting.<\/p>\n\n\n\n<h3 class=\"wp-block-heading\">Kosten<\/h3>\n\n\n\n<p>De kosten voor het zelfstudiepakket zijn als volgt:<\/p>\n\n\n\n<ul class=\"wp-block-list\">\n<li>Pakketprijs: \u20ac 2.000,00<br>(zelfstudiepakket plus deelname aan \u00e9\u00e9n theorietoets en \u00e9\u00e9n performancetoets)<\/li>\n\n\n\n<li>Theorietoets (herkansing): \u20ac 200,00<\/li>\n\n\n\n<li>Performancetoets (herkansing): \u20ac 1.000,00<\/li>\n<\/ul>\n\n\n\n<p>De in het zelfstudiepakket als \u2018aanbevolen literatuur\u2019 aangeduide bronnen kunt u lenen of aanschaffen. Daarmee samenhangende <strong>aanvullende kosten<\/strong> zijn voor eigen rekening en niet in de pakketprijs inbegrepen.<br>Hetzelfde geldt voor de kosten van eventuele aanvullende training en\/of begeleiding.<\/p>\n\n\n\n<h3 class=\"wp-block-heading\" id=\"aanmelden-examen\">Aanmelden voor examen<\/h3>\n\n\n\n<p>U dient zich voor elke toetsdeelname (dus ook de eerste keer) apart aan te melden door het volledig ingevulde <strong>Aanmeldformulier PRC-examen PA<\/strong> (zie knop hieronder) per e-mail te sturen aan het secretariaat van de MPA-opleiding van de HAN (<a href=\"mailto:master.pa@han.nl?subject=Aanmelding PRC-examen PA\" data-type=\"mailto\" data-id=\"mailto:master.pa@han.nl?subject=Aanmelding PRC-examen PA\">master.pa@han.nl<\/a>). <br>Let wel: voor beide toetsen geldt een <strong>uiterste aanmelddatum<\/strong> van 30 werkdagen voorafgaand aan de eerste dag van de maand waarin het betreffende examendeel gepland staat. Beide onderdelen van het examen worden tweemaal per jaar afgenomen: de theorietoets in de maanden februari en juli en de performancetoets in juni en november. Betreft uw aanmelding een herkansing, dan gaat u met uw aanmelding ook een betalingsverplichting aan. Pas als u de betreffende factuur heeft voldaan, kunt u daadwerkelijk aan de toets deelnemen. Uiterlijk in de week na de uiterste aanmelddatum ontvangt u per mail een schriftelijke bevestiging met de definitieve toetsdatum, de locatie en het tijdstip waarop u verwacht wordt.<br>Certificaten bij examens in juni\/juli worden mogelijk pas in september verstrekt wegens de zomervakantie.<\/p>\n\n\n\n<div class=\"wp-block-buttons is-layout-flex wp-block-buttons-is-layout-flex\">\n<div class=\"wp-block-button\"><a class=\"wp-block-button__link wp-element-button\" href=\"https:\/\/prctrajectpa.nl\/content\/wp-content\/uploads\/2022\/04\/Aanmeldformulier-PRC-examen-PA.pdf\" target=\"_blank\" rel=\"noreferrer noopener\">Download &#8216;Aanmeldformulier PRC-examen PA&#8217;<\/a><\/div>\n<\/div>\n\n\n\n<h3 class=\"wp-block-heading\">Planning toetsen PRC-traject PA<\/h3>\n\n\n\n<figure class=\"wp-block-image size-full\"><a href=\"https:\/\/prctrajectpa.nl\/content\/wp-content\/uploads\/2024\/04\/planning-toetsen-prc-traject-pa-v20240418.pdf\" target=\"_blank\" rel=\"noopener\"><img loading=\"lazy\" decoding=\"async\" width=\"840\" height=\"278\" src=\"https:\/\/prctrajectpa.nl\/content\/wp-content\/uploads\/2024\/04\/planning-toetsen-prc-traject-pa-v20240418-w840.png\" alt=\"Planning toetsen PRC-traject PA\" class=\"wp-image-1453\" srcset=\"https:\/\/prctrajectpa.nl\/content\/wp-content\/uploads\/2024\/04\/planning-toetsen-prc-traject-pa-v20240418-w840.png 840w, https:\/\/prctrajectpa.nl\/content\/wp-content\/uploads\/2024\/04\/planning-toetsen-prc-traject-pa-v20240418-w840-300x99.png 300w, https:\/\/prctrajectpa.nl\/content\/wp-content\/uploads\/2024\/04\/planning-toetsen-prc-traject-pa-v20240418-w840-768x254.png 768w\" sizes=\"auto, (max-width: 840px) 100vw, 840px\" \/><\/a><\/figure>\n\n\n\n<p class=\"has-small-font-size\"><a href=\"https:\/\/prctrajectpa.nl\/content\/wp-content\/uploads\/2024\/04\/planning-toetsen-prc-traject-pa-v20240418.pdf\" data-type=\"URL\" data-id=\"https:\/\/prctrajectpa.nl\/content\/wp-content\/uploads\/2022\/04\/planning-toetsen-prc-traject-pa.pdf\" target=\"_blank\" rel=\"noreferrer noopener\">Klik hier of op de bovenstaande afbeelding voor een vergroting<\/a><\/p>\n\n\n\n<div style=\"height:40px\" aria-hidden=\"true\" class=\"wp-block-spacer\"><\/div>\n","protected":false},"excerpt":{"rendered":"<p>Aanmelden voor PRC-traject PA U meldt zich aan door het Aanmeldformulier PRC-traject PA te downloaden (zie knop hieronder), volledig in te vullen en per mail te sturen aan het secretariaat van de MPA-opleiding van de HAN.Tevens stuurt u een kopie van uw paspoort of ID-kaart en een gewaarmerkte kopie van uw MPA-diploma eveneens per mail&#8230;<\/p>\n","protected":false},"author":1,"featured_media":0,"parent":0,"menu_order":0,"comment_status":"closed","ping_status":"closed","template":"","meta":{"_kad_post_transparent":"","_kad_post_title":"default","_kad_post_layout":"right","_kad_post_sidebar_id":"","_kad_post_content_style":"","_kad_post_vertical_padding":"","_kad_post_feature":"","_kad_post_feature_position":"","_kad_post_header":false,"_kad_post_footer":false,"_kad_post_classname":"","footnotes":""},"class_list":["post-585","page","type-page","status-publish","hentry"],"_links":{"self":[{"href":"https:\/\/prctrajectpa.nl\/content\/wp-json\/wp\/v2\/pages\/585","targetHints":{"allow":["GET"]}}],"collection":[{"href":"https:\/\/prctrajectpa.nl\/content\/wp-json\/wp\/v2\/pages"}],"about":[{"href":"https:\/\/prctrajectpa.nl\/content\/wp-json\/wp\/v2\/types\/page"}],"author":[{"embeddable":true,"href":"https:\/\/prctrajectpa.nl\/content\/wp-json\/wp\/v2\/users\/1"}],"replies":[{"embeddable":true,"href":"https:\/\/prctrajectpa.nl\/content\/wp-json\/wp\/v2\/comments?post=585"}],"version-history":[{"count":8,"href":"https:\/\/prctrajectpa.nl\/content\/wp-json\/wp\/v2\/pages\/585\/revisions"}],"predecessor-version":[{"id":1459,"href":"https:\/\/prctrajectpa.nl\/content\/wp-json\/wp\/v2\/pages\/585\/revisions\/1459"}],"wp:attachment":[{"href":"https:\/\/prctrajectpa.nl\/content\/wp-json\/wp\/v2\/media?parent=585"}],"curies":[{"name":"wp","href":"https:\/\/api.w.org\/{rel}","templated":true}]}}